List the prime factors of f.
2
Let h(s) = -59*s - 6 + 61*s - 143*s - 2. What are the prime factors of h(-2)?
2, 137
Suppose 9 = 4*b - 15. Let o be 0/(0 - b - -4). Suppose o = -22*x + 17*x + 120. What are the prime factors of x?
2, 3
Let h(g) = g**2 - 5*g + 2. Suppose 9*d + d = -20. What are the prime factors of h(d)?
2
Suppose 3682 = 38*r - 1828. List the prime factors of r.
5, 29
Let v(b) = -45*b + 3. What are the prime factors of v(-14)?
3, 211
Let j be (-2 - -3 - (-92)/12)*3. List the prime factors of j*(-3)/(-4)*(-4)/(-6).
13
List the prime factors of (1 + -1817)/((308/14)/(-11)).
2, 227
Suppose 3*d + 3382 = 3*f - 2393, 3844 = 2*f + d. List the prime factors of f.
3, 641
Let v = -163 - -607. What are the prime factors of v?
2, 3, 37
Suppose -2 = -3*o + 4. Suppose -81 = -o*m + m. List the prime factors of m.
3
Let a(q) = q**2 + 7*q - 5. Let m be a(-7). Let v(i) = i**2 + 5*i + 4. Let j be v(m). Suppose 11*p - j*p - 294 = 0. List the prime factors of p.
2, 3, 7
Let t = 2071 - 378. What are the prime factors of t?
1693
Suppose -5*l - 18 - 7 = 0, 2995 = -5*o + 2*l. Let h = -339 - o. List the prime factors of h.
2, 131
Let d(h) = 3*h - 4. Suppose 8*c - 9*c - 3 = 0. Let r = 0 - c. List the prime factors of d(r).
5
What are the prime factors of (6/4)/(1 - 763/766)?
383
Suppose 4*w + 4*f - 188 = 0, -5*w + 197 = 2*f - 32. Suppose -r + w = -x + 4*x, -4*x + 3*r = -73. Let y = 34 - x. What are the prime factors of y?
2, 3
Let n(c) = -8*c. Let r be n(-2). Suppose 23 = 4*g + 3*x, -5*x = -2*g - x - r. Suppose 35 = g*z - 19. List the prime factors of z.
3
Let j(b) = -13*b + 1. Let o be j(-1). Let q = o - -29. What are the prime factors of q?
43
Suppose 5 - 11 = -2*b. Suppose b*g + 85 = 331. List the prime factors of g.
2, 41
Suppose -5*j = 7*n - 8*n - 4377, -885 = -j + 5*n. List the prime factors of j.
5, 7
Suppose 0 = -5*h - 25, 0 = 3*u - h - 2*h + 60. Let t = u + 74. What are the prime factors of t?
7
Suppose -2*f - 24 = -f. Let z = 44 + f. What are the prime factors of z?
2, 5
Let x be 56 - 10/5*-1. Let l = x + 42. List the prime factors of l.
2, 5
Let m(b) = 5*b**3 - 16*b**2 - 3*b - 25. Let p(g) = 2*g**3 - 5*g**2 - g - 8. Let r(n) = -3*m(n) + 8*p(n). What are the prime factors of r(-5)?
3
Suppose 3360 = 27*n - 25*n. What are the prime factors of n?
2, 3, 5, 7
Let g be (4*1)/((-2)/3). Let b(d) = -13*d - 20. Let f be b(-4). Let y = g + f. What are the prime factors of y?
2, 13
Let m be (-293 + 0)/((-3)/3). Let p = m + -206. What are the prime factors of p?
3, 29
Let p = 458 - -381. List the prime factors of p.
839
Let l(y) = 4*y**2 + 11*y + 58. What are the prime factors of l(-4)?
2, 3, 13
Let w = 718 - 296. List the prime factors of w.
2, 211
Let q(l) = -228*l + 108. List the prime factors of q(-1).
2, 3, 7
Let d(i) = 4*i + 11. Let w be d(-5). Let b(q) = 1 - 4*q - 2 + 2 - 8. What are the prime factors of b(w)?
29
Let j(r) be the third derivative of -r**5/60 - 5*r**4/12 + 7*r**3/6 - 22*r**2. Let z = -6 + -4. What are the prime factors of j(z)?
7
Let f = 84 + 475. List the prime factors of f.
13, 43
Let a be 6 + (-4)/((-12)/(-3)). Suppose 3*u - 2*n + 78 = 3*n, -a*u = -4*n + 117. Let h = u + 36. List the prime factors of h.
3, 5
Suppose 0*v = -5*v. Suppose v = -5*o + 96 + 129. List the prime factors of o.
3, 5
Let j be 174/(-8) + 2/(-8). Let t = j + 102. List the prime factors of t.
2, 5
Let z(y) = 48*y - 252. What are the prime factors of z(28)?
2, 3, 7, 13
Let y = 3446 - 2262. List the prime factors of y.
2, 37
Suppose -2*m = 5 - 9. Suppose -m*f - a = 13, -3*f - 19 = 4*a + 13. List the prime factors of (-4 + 9 + f)*42.
2, 3, 7
Let w(h) be the second derivative of -h**5/20 - h**4/6 + 11*h**3/3 + 13*h**2 + 20*h. What are the prime factors of w(-8)?
2, 3, 13
Let r(l) = -l + 1. Let m(q) = -q**2 - 2*q - 1. Let y(s) = -m(s) - 3*r(s). Let o be y(-5). List the prime factors of (4 + o)*(-3 + 4).
2
List the prime factors of ((-10)/(-5) - 438)*25/(-10).
2, 5, 109
Let s(b) = -2*b**3 - 16*b**2 - 27*b. Let m(t) = 3*t**3 + 32*t**2 + 53*t. Let k(w) = -3*m(w) - 5*s(w). What are the prime factors of k(18)?
2, 3
Suppose 5*u = -0*k - 3*k - 61, -3*u - 3*k = 33. List the prime factors of (-6)/u + (-7922)/(-119).
67
Let v be (-10)/4 + 4/8. Let g = v + 3. What are the prime factors of -2 + (-3 - -37) + g?
3, 11
Let t = 234 + -159. Let c = -44 + t. List the prime factors of c.
31
Suppose 2*f + 5*h = 12255, -f + 4*h - 3*h = -6124. List the prime factors of f.
5, 7
Suppose 3*t + 0*t - 30 = -3*j, -4*t + 2*j + 10 = 0. Suppose 3*m + t*q - 425 = 0, -697 = -4*m - m + 3*q. What are the prime factors of m?
2, 5, 7
Suppose 3*u + 5*m = 7099 + 2363, 12 = 4*m. What are the prime factors of u?
47, 67
Let g(h) be the first derivative of -15*h**2/2 + 3. Suppose -4*w - 10 = 2*q - 0*q, w + 4 = -2*q. What are the prime factors of g(w)?
2, 3, 5
Let u(g) = 0*g + 2 + 3 + 3*g - 4*g. What are the prime factors of u(-5)?
2, 5
Suppose -23 = -4*x - 11. Suppose x*d - 20 = -4*b - d, -11 = -3*b - d. Suppose b*w - 39 = 2*w. What are the prime factors of w?
3, 13
Let b = 28 - -125. What are the prime factors of 3348/b - 2/(-17)?
2, 11
Let b be ((-5)/(-15))/((-3)/(-18)). Suppose -5*p = 2*q - 331, -2*p = b*q - 188 + 52. What are the prime factors of p?
5, 13
Suppose 15*g - 430 = 10*g. Let c = g - -14. List the prime factors of c.
2, 5
Let w = -39 - -42. List the prime factors of ((-76)/5)/(w/(-15)).
2, 19
Let q(n) = -155*n + 184. List the prime factors of q(-16).
2, 3, 37
Let z(w) = 24 + 5*w**2 - 6*w**2 + 2*w**2. List the prime factors of z(0).
2, 3
Let y(t) = 5*t + 16. Suppose 2*c - 1 = 4*u + 1, 3*u = 0. Let o = 8 - c. List the prime factors of y(o).
3, 17
Suppose 0 = 3*u, 41*j - 40*j + 3*u = 3169. What are the prime factors of j?
3169
Suppose 2*y - 6 = 2. Let z(h) = 15*h**2 - 5*h + 5. Let o be z(y). Suppose -2*k = 3*p - 119, 5*p - 3*k = -33 + o. List the prime factors of p.
3, 13
Suppose -5*j + 4 - 14 = 5*t, -4*t = 3*j + 1. List the prime factors of 4050/63 - (-2)/j.
2
Let c(s) be the third derivative of -s**6/120 + 13*s**5/60 - 11*s**4/24 + 17*s**3/6 + 14*s**2. List the prime factors of c(12).
29
Suppose 0 = y - 3*y + 216. Let u = -190 - -193. Suppose y = u*j + 24. What are the prime factors of j?
2, 7
Suppose -20*a + 1242 = 42. List the prime factors of a.
2, 3, 5
Let o(i) = 9*i**2 - 3*i**3 + 3*i + 3*i + 2*i**3 + 1 + i. Let u be o(9). Let s = u + -38. List the prime factors of s.
2, 13
Suppose d - 492 = -2*d. List the prime factors of d.
2, 41
Let p be 50*1*(5 - 4). Let b = p - -22. Let h = b - 48. What are the prime factors of h?
2, 3
Suppose 11*i = 9*i + 6. Suppose -2*o - i*o - d = -89, 4*o = -5*d + 67. List the prime factors of o.
2, 3
Suppose 41*q - 153189 = -50033. What are the prime factors of q?
2, 17, 37
Let o = -243 - -501. Suppose -12 - o = -5*d. List the prime factors of d.
2, 3
Let q(p) = 160*p - 54. List the prime factors of q(7).
2, 13, 41
Suppose 2 - 1 = k. Let x be (1 + k + 0)*1. What are the prime factors of 2584/51 + x/(-3)?
2, 5
Suppose 0 = -2*n - 39 + 163. Suppose 194 = 8*x - n. List the prime factors of x.
2
Let c = 5 - 0. Let v be -1*c*3/(-5). Suppose 0 = -m, u - v*m + 8*m - 24 = 0. List the prime factors of u.
2, 3
Suppose 0 = x + 5*j - 41, 0 = 3*j - 6 - 9. Let v be 12/x - (-6)/(-8). Suppose -q + v*q = -24. List the prime factors of q.
2, 3
Let f be (-6)/(-21) + 1746/14. Suppose -u = l - f, 0 = 5*u - 5*l + 48 - 673. What are the prime factors of u?
5
Let i = 828 + -410. What are the prime factors of i?
2, 11, 19
Let j(l) = l**3 + l**2 + 436. Let b be j(0). Suppose -6*s + 2*s = -b. What are the prime factors of s?
109
Let q = -52 - -128. Suppose 5*i - h = -2*h + 380, -i = h - q. What are the prime factors of i?
2, 19
Let s be 1 - (-10)/5 - -42. Suppose -24*o - s = -25*o. What are the prime factors of o?
3, 5
Let t(k) = -k**3 - 2*k**2 + 4*k + 185. List the prime factors of t(0).
5, 37
Let t be 12/(-18)*(-17 - 1). Suppose t*n + 641 - 2177 = 0. What are the prime factors of n?
2
Suppose 2820 = 97*j - 85*j. List the prime factors of j.
5, 47
Suppose m + 4*w - 20 = 0, -25 = -5*w - 0*w. Suppose m*z = 3*z - 195. Let d = z + -46. What are the prime factors of d?
19
Suppose -4*t - 3*v + 1899 = -867, -2*v + 2074 = 3*t. Suppose 6*f - 246 = -t. List the prime factors of f/2*(-10 - -9).
37
Supp